ed by b.
14
Let j be 5/(5/(-9)) + -3. Let p = j + 28. Calculate the remainder when 46 is divided by p.
14
Suppose -2*j = -f + 12, -f - j + 1 = 4. What is the remainder when f is divided by (-3)/((-4)/8 + -1)?
0
Suppose -o - 4*v + 30 = 0, 3*v + 0*v - 55 = -4*o. Let j be o/15*(-9)/(-2). Suppose -j*a + 0*a + 51 = 0. Calculate the remainder when a is divided by 6.
5
Let m be 31/(-3) - (-1)/3. Let a = -6 - m. Suppose -101 = -a*n - 3*f, -2*n + 51 = 2*f - f. What is the remainder when n is divided by 9?
8
Let p(u) = u**3 + 2*u**2 - 3*u - 3. Let j be p(-3). Let h be (5/3)/(j/36). Let a = h - -29. Calculate the remainder when 25 is divided by a.
7
Let v = -4 + 8. Suppose 0 = 2*l - v*a - 256, 0 = 3*l - a - 0*a - 364. Suppose 2*d + 18 = l. What is the remainder when d is divided by 13?
12
Let b(s) = -5*s - 10. What is the remainder when 36 is divided by b(-4)?
6
What is the remainder when (2/4)/((-2)/(-76)) is divided by 11?
8
Let r(w) = w**3 - w**2 - 3*w - 3. Let f be r(3). Suppose 5*j + f = -4. Calculate the remainder when 19 is divided by (j - -1)*(-10 - 0).
9
Suppose 5*x - 15 - 55 = 0. Let h(j) = 2*j**2 - 16*j + 14. Calculate the remainder when h(10) is divided by x.
12
Suppose 5 = -3*h + 4*y + 31, 5*h = 2*y + 48. Calculate the remainder when 27 is divided by h.
7
Let k(z) = -14*z**2 + 0*z - 2*z - 9 + 3*z + 0*z + z**3. Calculate the remainder when 5 is divided by k(14).
0
Suppose 3*l = 8 + 19. What is the remainder when (18 - (-1 + 0)) + -2 is divided by l?
8
Suppose -5*w - 2*t + 686 = 0, -5*t = -4*w + 184 + 345. Suppose 3*c + 4 = -5*s + 83, 0 = 4*c - s - w. Calculate the remainder when c is divided by 12.
9
Suppose -p - 4*v + 2 = 0, 4*v + 1 - 13 = 4*p. Let m = -7 + 16. What is the remainder when 15 - p*3/6 is divided by m?
7
Let x = 5 + -3. Suppose -257 = -8*r + 4*r + 3*p, -4*r + 242 = x*p. Calculate the remainder when r is divided by 16.
14
Let t(v) = v**2 + 7*v - 8. Let i be t(-9). What is the remainder when 7 is divided by i + 8/(-2) + -1?
2
Let k = 93 + -48. Calculate the remainder when k is divided by 16.
13
Suppose 4*r + l = 3 - 0, 0 = -2*r + 5*l + 7. Let m = 5 - r. Suppose t - 33 = -m*w, -t + 76 = 3*t + 2*w. Calculate the remainder when 49 is divided by t.
15
Suppose 4*z + 39 - 195 = 0. What is the remainder when z is divided by (-172)/(-8) - (-2)/(-4)?
18
Suppose -4*i - q = -41 - 23, -2*q + 8 = 0. What is the remainder when 25 is divided by i?
10
Let o(q) = q**2 - 9*q - 22. Suppose -28 = -4*a - z, 5 = 3*a + 3*z - 7. What is the remainder when o(13) is divided by a?
6
Suppose -b + 14 = 3. What is the remainder when 42 is divided by b?
9
Suppose -n + 5*a + 1 = 0, -4*a = -2*n + 7*n - 34. Suppose 2*l + 24 = 2*c, -5*l - 31 = -n. What is the remainder when c is divided by 4?
3
Let w be (56/(-4) + 3)*(-1 + 0). Let p = -10 + 18. Suppose -w = -d + p. What is the remainder when d is divided by 7?
5
Suppose -2*r + 2 = 2*x, x + 6 = 4*r + 4*x. Let i = r - 8. Calculate the remainder when (2*-4)/(i/15) is divided by 13.
11
Let p(s) = s**3 - 8*s**2 + 7*s + 2. Let b(z) = z**3 + 4*z**2 - 2*z - 3. Let t be b(-3). Suppose -3*u + t = -9. What is the remainder when 3 is divided by p(u)?
1
Suppose 3*o - 17 = 103. Suppose 5*f - 65 - o = 0. Calculate the remainder when 61 is divided by f.
19
Suppose -47 = -5*w - 5*i + 2*i, 2*w - 3*i = 2. Suppose 3*a = -t + 4*t - 33, 10 = t - 2*a. What is the remainder when t is divided by w?
5
Let q(d) = 5*d - 6. Let t(l) = 26*l. Let i be t(2). Suppose 4*c - i = -5*k + 66, 131 = 5*c - 2*k. What is the remainder when c is divided by q(4)?
13
Let l = 93 + -56. Calculate the remainder when 184 is divided by l.
36
Let p = -48 - -97. Calculate the remainder when p is divided by 13.
10
Suppose 11 + 10 = 3*m. What is the remainder when 39 is divided by m?
4
Suppose -11*x = -7*x - 360. Calculate the remainder when x is divided by 31.
28
Let f(i) = 4*i**2 - 2. Let c(m) = -5*m**2 - m + 3. Let g(j) = -5*c(j) - 6*f(j). What is the remainder when g(-6) is divided by 2?
1
Let f = 15 - 13. Let a(v) = v**2 + 3*v - 2. Calculate the remainder when 14 is divided by a(f).
6
Suppose -2*s - 3*s = 0. Let u(w) = -w + 28. Let x be u(s). Suppose -12 + x = 4*m. What is the remainder when 6 is divided by m?
2
Let w = -44 - -77. Calculate the remainder when w is divided by 9.
6
Let r(x) = 16*x + 7. What is the remainder when r(4) is divided by 12?
11
Let p(w) = 12*w**2 - w. Let h be p(2). Suppose -3*q = q - 3*d - h, 0 = 2*d - 4. What is the remainder when 38 is divided by q?
12
Suppose 4*c - 78 = -3*w, 9*w = -5*c + 10*w + 88. Calculate the remainder when 65 is divided by c.
11
Let b = 27 + -12. What is the remainder when 43 is divided by b?
13
Let k = -10 + 24. What is the remainder when 81 is divided by k?
11
Suppose h + 0 = 2. Suppose -6 - 22 = -h*p. Let n = -12 - -17. Calculate the remainder when p is divided by n.
4
Calculate the remainder when 21 is divided by (1*-9 - -3)*-1.
3
Suppose -5*b - 2*d = 0, -3*b = 4*d - 2*d. Suppose 2*h = -5*k + 43, 5*h - 4*k - 25 = -b. What is the remainder when (-10)/4*1*-10 is divided by h?
7
Suppose -366 = -2*v - 4*p, 2*v - 229 - 134 = -5*p. Calculate the remainder when v is divided by 32.
29
Suppose 0 = -5*j + 88 - 13. What is the remainder when j is divided by 8 - 2/4*0?
7
What is the remainder when 78 is divided by (6 + 3 + -7)/((-2)/(-28))?
22
Suppose 0 = -2*f - 2*o + 6*o + 22, 4*o = 3*f - 33. Calculate the remainder when f is divided by 3.
2
Let n = -9 + -22. Let f = -18 - n. What is the remainder when f is divided by 4?
1
Let b(q) = 2*q**2 - q + 10. Let w be b(0). Let r = 23 - 7. Calculate the remainder when -80*(r/w - 2) is divided by 11.
10
Let l(h) = h**2 - h + 48. Suppose -100 = -3*n + n. Suppose 2*o - n = -0. What is the remainder when l(0) is divided by o?
23
Suppose 5*d - 5*p + 23 = 83, -2*p + 21 = 3*d. What is the remainder when 33 is divided by d?
6
Let x be -25 + (-4 - -6) + 3. Calculate the remainder when 21 is divided by 48/(-20)*x/8.
3
Let y(r) = 2*r**3 - 8*r**2 - r + 8. Let b be y(6). Let u = -84 - b. Calculate the remainder when u/(-8) + 9/(-12) is divided by 10.
8
Suppose -w - 2 = 2, 3*w - 73 = -5*b. Calculate the remainder when 43 is divided by b.
9
Let t(n) = -2 + n**3 - 11*n + 0 + 7*n**2 + 0*n. Calculate the remainder when t(-8) is divided by 6.
4
Let n(p) = p**2 + 1. Let w be n(0). Let m(u) = -40*u - 3*u**3 + 39*u + 21*u**3 + 1. What is the remainder when 51 is divided by m(w)?
15
Suppose o - 8 - 14 = -p, p = 4. Let w = o - 13. Suppose -3*i + 48 = -3*j, 0*j - 76 = -5*i + 3*j. What is the remainder when i is divided by w?
4
Suppose 0*u - 10 = -2*u. Suppose -w + 2*f = -5*w + 42, -3*w = u*f - 14. Suppose -8 = -a + 17. Calculate the remainder when a is divided by w.
12
Suppose 3*r - 86 = -5*k, 4*k + k = -5*r + 140. Calculate the remainder when r is divided by 3.
0
Suppose -15 = 2*l - 1. Let a be ((-24)/(-15))/((-1)/5). What is the remainder when 41 is divided by l/a*6*4?
20
Suppose t + 5*s - 3*s = 7, 4*t + 5*s = 19. Calculate the remainder when (t + 0 - -1) + 11 is divided by 7.
6
Suppose 10*l - 15*l + 118 = n, -l - n + 26 = 0. What is the remainder when 91 is divided by l?
22
What is the remainder when (1 + 179)/((18/4)/3) is divided by 31?
27
Suppose -235 = i - 6*i. Let p(b) = b + 1. Let m be p(-1). Suppose 5*r - 3 - i = m. What is the remainder when 29 is divided by r?
9
Let j(z) = -z**3 + 5*z**2 - 5*z + 2. Calculate the remainder when j(3) is divided by 1 - (0 + -3 + 2).
1
Let y be 9/(-1)*2 + 2. Calculate the remainder when 17 is divided by -2*1*72/y.
8
What is the remainder when (-15)/2*(-160)/25 is divided by 25?
23
Let z = 8 - -10. What is the remainder when (32/48)/(2/105) is divided by z?
17
Let y be 4*1/((-4)/13). Let v = y - -24. Calculate the remainder when 21 is divided by v.
10
Let u = -19 + 21. Calculate the remainder when 6 is divided by u.
0
Calculate the remainder when (-50)/(-2) + (-27)/(-9) is divided by 10.
8
Let t(s) = -2*s + 36. What is the remainder when t(8) is divided by 6?
2
Let h = 26 - 11. Let b = -7 + h. Calculate the remainder when (2 - -3)*18/3 is divided by b.
6
Suppose 18 = 5*r - 2*r. Calculate the remainder when 67 is divided by 3/r + (-180)/(-8).
21
Suppose -g + 80 = 4*g. Calculate the remainder when 29 is divided by g.
13
Let q(p) = -p + 17. Let m be q(13). Supp